{"id":484,"date":"2025-03-25T14:18:35","date_gmt":"2025-03-25T13:18:35","guid":{"rendered":"https:\/\/cga.dev.kneib.fr:7001\/?post_type=product&#038;p=484"},"modified":"2025-04-07T13:12:17","modified_gmt":"2025-04-07T11:12:17","slug":"adherent-cga-sans-abonnement","status":"publish","type":"product","link":"https:\/\/alsace-genealogie.com\/?product=adherent-cga-sans-abonnement","title":{"rendered":"Adh\u00e9sion au CGA (sans abonnement)"},"content":{"rendered":"<p>Adh\u00e9sion pour l&rsquo;ann\u00e9e civile en cours \u00e0 notre association, <b>sans <\/b>abonnement \u00e0 la revue trimestrielle.<br \/>\nCette formule vous donne acc\u00e8s \u00e0 l&rsquo;ensemble des donn\u00e9es contenues sur le site, ainsi qu&rsquo;au forum d&rsquo;entraide, \u00e0 la liste de diffusion, et aux tarifs pr\u00e9f\u00e9rentiels r\u00e9serv\u00e9s \u00e0 nos membres (r\u00e9duction sur les ouvrages en vente et les services). Vous devenez membre.<\/p>\n","protected":false},"excerpt":{"rendered":"<p>Adh\u00e9sion pour l&rsquo;ann\u00e9e civile en cours \u00e0 notre association, sans abonnement \u00e0 la revue trimestrielle. Cette formule vous donne acc\u00e8s \u00e0 l&rsquo;ensemble des donn\u00e9es contenues sur le site, ainsi qu&rsquo;au forum d&rsquo;entraide, \u00e0 la liste de diffusion, et aux tarifs pr\u00e9f\u00e9rentiels r\u00e9serv\u00e9s \u00e0 nos membres (r\u00e9duction sur les ouvrages en vente et les services). Vous [&hellip;]<\/p>\n","protected":false},"featured_media":597,"template":"","meta":{"_acf_changed":false,"_et_pb_use_builder":"","_et_pb_old_content":"","_et_gb_content_width":"","inline_featured_image":false},"product_brand":[],"product_cat":[35,28],"product_tag":[],"class_list":{"0":"post-484","1":"product","2":"type-product","3":"status-publish","4":"has-post-thumbnail","6":"product_cat-adherents_cga","7":"product_cat-membres","9":"first","10":"instock","11":"virtual","12":"sold-individually","13":"purchasable","14":"product-type-simple"},"acf":[],"_links":{"self":[{"href":"https:\/\/alsace-genealogie.com\/index.php?rest_route=\/wp\/v2\/product\/484","targetHints":{"allow":["GET"]}}],"collection":[{"href":"https:\/\/alsace-genealogie.com\/index.php?rest_route=\/wp\/v2\/product"}],"about":[{"href":"https:\/\/alsace-genealogie.com\/index.php?rest_route=\/wp\/v2\/types\/product"}],"wp:featuredmedia":[{"embeddable":true,"href":"https:\/\/alsace-genealogie.com\/index.php?rest_route=\/wp\/v2\/media\/597"}],"wp:attachment":[{"href":"https:\/\/alsace-genealogie.com\/index.php?rest_route=%2Fwp%2Fv2%2Fmedia&parent=484"}],"wp:term":[{"taxonomy":"product_brand","embeddable":true,"href":"https:\/\/alsace-genealogie.com\/index.php?rest_route=%2Fwp%2Fv2%2Fproduct_brand&post=484"},{"taxonomy":"product_cat","embeddable":true,"href":"https:\/\/alsace-genealogie.com\/index.php?rest_route=%2Fwp%2Fv2%2Fproduct_cat&post=484"},{"taxonomy":"product_tag","embeddable":true,"href":"https:\/\/alsace-genealogie.com\/index.php?rest_route=%2Fwp%2Fv2%2Fproduct_tag&post=484"}],"curies":[{"name":"wp","href":"https:\/\/api.w.org\/{rel}","templated":true}]}}