{"id":482,"date":"2025-03-19T14:14:32","date_gmt":"2025-03-19T13:14:32","guid":{"rendered":"https:\/\/cga.dev.kneib.fr:7001\/?post_type=product&#038;p=482"},"modified":"2025-04-07T13:13:24","modified_gmt":"2025-04-07T11:13:24","slug":"adherent-cga-%e2%ad%90donateur%e2%ad%90-abonnement","status":"publish","type":"product","link":"https:\/\/alsace-genealogie.com\/?product=adherent-cga-%e2%ad%90donateur%e2%ad%90-abonnement","title":{"rendered":"Adh\u00e9sion au CGA \u2b50donateur\u2b50 + Abonnement"},"content":{"rendered":"<p>Formule:<br \/>\n50 \u20ac : Adh\u00e9sion CGA + Abonnement (France m\u00e9tropolitaine)<br \/>\n50 \u20ac: don (donne droit \u00e0 un re\u00e7u fiscal si vous \u00eates impos\u00e9s en France)<\/p>\n","protected":false},"excerpt":{"rendered":"<p>Formule: 50 \u20ac : Adh\u00e9sion CGA + Abonnement (France m\u00e9tropolitaine) 50 \u20ac: don (donne droit \u00e0 un re\u00e7u fiscal si vous \u00eates impos\u00e9s en France)<\/p>\n","protected":false},"featured_media":782,"template":"","meta":{"_acf_changed":false,"_et_pb_use_builder":"","_et_pb_old_content":"","_et_gb_content_width":"","inline_featured_image":false},"product_brand":[],"product_cat":[36,35,28],"product_tag":[],"class_list":{"0":"post-482","1":"product","2":"type-product","3":"status-publish","4":"has-post-thumbnail","6":"product_cat-adherents_bulletins","7":"product_cat-adherents_cga","8":"product_cat-membres","10":"first","11":"instock","12":"virtual","13":"sold-individually","14":"purchasable","15":"product-type-simple"},"acf":[],"_links":{"self":[{"href":"https:\/\/alsace-genealogie.com\/index.php?rest_route=\/wp\/v2\/product\/482","targetHints":{"allow":["GET"]}}],"collection":[{"href":"https:\/\/alsace-genealogie.com\/index.php?rest_route=\/wp\/v2\/product"}],"about":[{"href":"https:\/\/alsace-genealogie.com\/index.php?rest_route=\/wp\/v2\/types\/product"}],"wp:featuredmedia":[{"embeddable":true,"href":"https:\/\/alsace-genealogie.com\/index.php?rest_route=\/wp\/v2\/media\/782"}],"wp:attachment":[{"href":"https:\/\/alsace-genealogie.com\/index.php?rest_route=%2Fwp%2Fv2%2Fmedia&parent=482"}],"wp:term":[{"taxonomy":"product_brand","embeddable":true,"href":"https:\/\/alsace-genealogie.com\/index.php?rest_route=%2Fwp%2Fv2%2Fproduct_brand&post=482"},{"taxonomy":"product_cat","embeddable":true,"href":"https:\/\/alsace-genealogie.com\/index.php?rest_route=%2Fwp%2Fv2%2Fproduct_cat&post=482"},{"taxonomy":"product_tag","embeddable":true,"href":"https:\/\/alsace-genealogie.com\/index.php?rest_route=%2Fwp%2Fv2%2Fproduct_tag&post=482"}],"curies":[{"name":"wp","href":"https:\/\/api.w.org\/{rel}","templated":true}]}}