{"id":15,"date":"2025-04-01T10:17:51","date_gmt":"2025-04-01T08:17:51","guid":{"rendered":"https:\/\/cga.dev.kneib.fr:7001\/?post_type=product&#038;p=15"},"modified":"2025-04-07T13:02:03","modified_gmt":"2025-04-07T11:02:03","slug":"adherent-cga-abonnement-france-metropolitaine","status":"publish","type":"product","link":"https:\/\/alsace-genealogie.com\/?product=adherent-cga-abonnement-france-metropolitaine","title":{"rendered":"Adh\u00e9sion au CGA + Abonnement (France m\u00e9tropolitaine)"},"content":{"rendered":"<p>Cette formule vous donne acc\u00e8s \u00e0 l&rsquo;ensemble des donn\u00e9es contenues sur le site, ainsi qu&rsquo;au forum d&rsquo;entraide, \u00e0 la liste de diffusion, et aux tarifs pr\u00e9f\u00e9rentiels r\u00e9serv\u00e9s \u00e0 nos membres (r\u00e9duction sur les ouvrages en vente et les services).<\/p>\n<p>Adh\u00e9sion pour l&rsquo;ann\u00e9e civile en cours \u00e0 notre association, <strong>avec<\/strong> abonnement \u00e0 la revue trimestrielle.<br \/>\nEn cas d&rsquo;adh\u00e9sion en cours d&rsquo;ann\u00e9e, les revues d\u00e9j\u00e0 parues vous seront envoy\u00e9es lors du prochain envoi group\u00e9<\/p>\n","protected":false},"excerpt":{"rendered":"<p>Cette formule vous donne acc\u00e8s \u00e0 l&rsquo;ensemble des donn\u00e9es contenues sur le site, ainsi qu&rsquo;au forum d&rsquo;entraide, \u00e0 la liste de diffusion, et aux tarifs pr\u00e9f\u00e9rentiels r\u00e9serv\u00e9s \u00e0 nos membres (r\u00e9duction sur les ouvrages en vente et les services). Adh\u00e9sion pour l&rsquo;ann\u00e9e civile en cours \u00e0 notre association, avec abonnement \u00e0 la revue trimestrielle. En [&hellip;]<\/p>\n","protected":false},"featured_media":785,"template":"","meta":{"_acf_changed":false,"_et_pb_use_builder":"","_et_pb_old_content":"","_et_gb_content_width":"","inline_featured_image":false},"product_brand":[],"product_cat":[36,35,28],"product_tag":[],"class_list":{"0":"post-15","1":"product","2":"type-product","3":"status-publish","4":"has-post-thumbnail","6":"product_cat-adherents_bulletins","7":"product_cat-adherents_cga","8":"product_cat-membres","10":"first","11":"instock","12":"virtual","13":"sold-individually","14":"purchasable","15":"product-type-simple"},"acf":[],"_links":{"self":[{"href":"https:\/\/alsace-genealogie.com\/index.php?rest_route=\/wp\/v2\/product\/15","targetHints":{"allow":["GET"]}}],"collection":[{"href":"https:\/\/alsace-genealogie.com\/index.php?rest_route=\/wp\/v2\/product"}],"about":[{"href":"https:\/\/alsace-genealogie.com\/index.php?rest_route=\/wp\/v2\/types\/product"}],"wp:featuredmedia":[{"embeddable":true,"href":"https:\/\/alsace-genealogie.com\/index.php?rest_route=\/wp\/v2\/media\/785"}],"wp:attachment":[{"href":"https:\/\/alsace-genealogie.com\/index.php?rest_route=%2Fwp%2Fv2%2Fmedia&parent=15"}],"wp:term":[{"taxonomy":"product_brand","embeddable":true,"href":"https:\/\/alsace-genealogie.com\/index.php?rest_route=%2Fwp%2Fv2%2Fproduct_brand&post=15"},{"taxonomy":"product_cat","embeddable":true,"href":"https:\/\/alsace-genealogie.com\/index.php?rest_route=%2Fwp%2Fv2%2Fproduct_cat&post=15"},{"taxonomy":"product_tag","embeddable":true,"href":"https:\/\/alsace-genealogie.com\/index.php?rest_route=%2Fwp%2Fv2%2Fproduct_tag&post=15"}],"curies":[{"name":"wp","href":"https:\/\/api.w.org\/{rel}","templated":true}]}}